ors of v?
2
Let w = 9 + -6. What are the prime factors of 34/(-1 + w) - 3?
2, 7
Let c(g) be the first derivative of -5/2*g**2 + g + 2. List the prime factors of c(-1).
2, 3
Let u(b) = -b**3 - 3*b**2 - b - 3. Let l be u(-3). Suppose l = 2*k - k - 6. What are the prime factors of k?
2, 3
Let d(f) = 33*f**2 + 1. Let m be d(-1). Suppose -68 = -4*y - 4*n, -2*y - 2*n + m = -3*n. List the prime factors of y.
17
Let k be (73 - -1)/(4 + -2). Suppose -2*p + k = -p. Let q = p - 21. List the prime factors of q.
2
Suppose 4 = -u + 6. Suppose 0 = z + u*r - 3*r - 6, -5*r - 23 = -4*z. List the prime factors of z.
7
Suppose 3*g = -3*h - g - 27, -5*g = -4*h - 36. Let d be (93/h)/(2/6). Let s = -19 - d. List the prime factors of s.
2, 3
Let z = -46 - -68. Let n = z - 1. Suppose -12 = -l - r, 7*r = -2*l + 2*r + n. What are the prime factors of l?
13
Let u be 1 - 0/(-4 - -1). Suppose -u + 5 = 2*d. List the prime factors of d.
2
Let c be 6 - 3/(3/1). Suppose -c*m + 8 = 5*f - 27, 0 = -4*f + 12. List the prime factors of (-2)/m + 33/6.
5
Let d(s) = -6*s + 3. What are the prime factors of d(-7)?
3, 5
Suppose 3 = 3*b - 5*b - c, 5*b = -2*c - 10. Let v be b/(-5) - (-2)/10. Suppose 0 = 4*i - 19 - v. List the prime factors of i.
5
Let r = 710 - 408. List the prime factors of r.
2, 151
Let n = -2 - -13. What are the prime factors of n?
11
Let x(h) = -2*h + 25. What are the prime factors of x(-11)?
47
Suppose -t + 0 = 1, -s = 3*t - 43. What are the prime factors of s?
2, 23
Let m = -8 - -16. List the prime factors of m.
2
Let x(j) = j**3 + 7*j**2 + 5*j + 4. Let o be x(-3). List the prime factors of o - 3/3*-1.
2, 13
Suppose -3*s - 5 = -2*q, -3*q + 3*s + 5 = -s. List the prime factors of 12 - (3 - q/(-1)).
2, 7
Let j(g) = -g**3 - 7*g**2 + 9*g - 2. Let k be j(-9). Suppose 3*r + k - 208 = 0. What are the prime factors of r?
43
Let x(h) = h**3 - h. Let q(n) = -n**2 + 4*n + 1. Let d be q(4). Let g be x(d). What are the prime factors of 0/(-2) + (10 - g)?
2, 5
Let z be 3/(-6) + (-166)/(-4). Suppose -4*r - 112 = 4*w, -4*w + w = 2*r + 60. Let g = r + z. What are the prime factors of g?
17
Let n(j) = -4 - 3*j**2 + j - 2 + 4*j**2 + 4. What are the prime factors of n(4)?
2, 3
Let n(w) = w**3 + 9*w**2 + 9*w + 8. Let x be n(-8). Suppose 5*f + x = 10. What are the prime factors of (-1 + f)/(2/10)?
5
Suppose -6 - 14 = -5*i. Suppose -b - 1 + 13 = -2*o, -4*o + i = 5*b. What are the prime factors of (-1 + b)*(-3 + 5)?
2, 3
Suppose -2*z + 4*z = -v + 12, z = 2*v - 4. Suppose v*r = r + 24. What are the prime factors of r?
2
Suppose 0 = -4*m + 36 + 76. Suppose -2*z - 1 = 2*b - 5, -z = -5*b + m. What are the prime factors of b?
5
Let i(y) = y**2 - 20. Let p be i(0). List the prime factors of 0 - p - (-3 - -5).
2, 3
Suppose 3*t - 3 = 18. Let s(v) = t + 2*v**3 + 4*v**2 + 4*v + v - 3*v**3. What are the prime factors of s(5)?
7
Let u = -23 - -14. What are the prime factors of (13 - -2)/(u/(-27))?
3, 5
Let i(n) = n**2 - 10*n + 5. Let m be i(10). What are the prime factors of (6 - m) + 22*1?
23
Let y = -9 + 12. Suppose 0 = t - 13 + y. Let d = -1 + t. What are the prime factors of d?
3
Let w(a) = 68*a - 2. What are the prime factors of w(1)?
2, 3, 11
Let i(z) = z**3 + 13*z**2 - 18*z - 18. What are the prime factors of i(-14)?
2, 19
Let s = 3 - -8. Let t = s - 8. Suppose 24 = t*v - 3. List the prime factors of v.
3
Suppose u + 44 = 2*u. Suppose 3*y + 0 = -4*d + u, 0 = 5*y - 20. List the prime factors of d.
2
Suppose 0 = 3*i - 0*i - 108. Let g be (12/1)/((-1)/2). Let v = g + i. What are the prime factors of v?
2, 3
Let v = 196 + -42. What are the prime factors of v?
2, 7, 11
Suppose 2*a - 20 = -4*q, -4 = -a - 3*q + 11. Suppose m + a = 8. List the prime factors of m.
2
Suppose 2*f - c = -4*c + 11, -6 = -3*f - c. Let g be (f - 0)/(1/90). Suppose r - 18 = 5*n, 5*r + 0*r - 2*n - g = 0. What are the prime factors of r?
2, 3
Let b = 3 - -2. Suppose -r - 62 = -o - 2*r, -4*o = -b*r - 239. Suppose -6*m + 4*y + o = -m, 0 = 4*m + 5*y - 16. What are the prime factors of m?
3
Suppose -5*p + 2*p - 9 = 0. Let d be 1 + p + 2 - -48. Suppose k + 3*k = d. List the prime factors of k.
2, 3
Let f be (0 - (0 + -2)) + 2. Let x be 15/(-2)*4/(-6). Suppose -f*z - x*i = -26, -z = i - 2 - 5. What are the prime factors of z?
3
Let t be 16 - 0*3/6. What are the prime factors of (t/(-40))/(1/(-55))?
2, 11
Suppose 0 = 4*u + 12, -s + 164 = s - 2*u. What are the prime factors of s?
79
List the prime factors of (0 + 9)/((-14)/(-28)).
2, 3
Let z(s) = 17*s**3 - s**2 + 2*s - 1. Suppose -3*l + 0 = -3. List the prime factors of z(l).
17
Suppose 0*k = k - 12. List the prime factors of k.
2, 3
Let y be (-10)/55 - (-1212)/11. Let c be 12/15*y/2. Suppose 5*b - c = -5*g - 4, -4*g - b = -29. What are the prime factors of g?
7
Suppose 166 = 4*p + 54. What are the prime factors of 2/((-82)/p + 3)?
2, 7
Let s = -1 - 5. Let p be (2/s)/((-1)/18). Suppose 8*c = p*c + 28. List the prime factors of c.
2, 7
Let l = 165 - 86. List the prime factors of l.
79
Let x(q) = -q + 16. Let y(z) = 8*z**2 - z. Let c be ((-6)/9)/((-2)/3). Let n be y(c). List the prime factors of x(n).
3
Suppose 3*x - 90 - 525 = -2*p, -3*x + 1239 = 4*p. What are the prime factors of p?
2, 3, 13
Let y be (0 - 0)*(-2 - -3). Suppose 5*j - 2*m - 274 = y, 2*j + 0*m - 104 = -2*m. List the prime factors of j.
2, 3
Let f = 59 - 27. List the prime factors of f.
2
Let p(v) = v**2 + 2*v - 1. Let h be p(1). Suppose 5*r = -0*r. Suppose h*q + 0*q - 18 = r. List the prime factors of q.
3
Suppose 4*k = 3*k + 61. List the prime factors of k.
61
Let x(g) = g**2 + 3*g - 5. Let z(t) = 2*t - 6. Let d be z(5). Suppose -j - 7 = m, -2*j - d*m - 16 = -m. What are the prime factors of x(j)?
5
Suppose 0 = -4*m + m - 90. What are the prime factors of (-254)/(-12) + 5/m?
3, 7
Suppose -2*f - 5*n + 447 = 0, -2*n + 0*n + 665 = 3*f. List the prime factors of f.
13, 17
What are the prime factors of ((-132)/(-9))/((-2)/(-12))?
2, 11
Let c = 6 + -1. Suppose -3*n + 48 = m, -5*m + 3*m = -n - 103. Suppose 0 = -3*q - i + 31, 0 = -c*q - 0*q - 2*i + m. What are the prime factors of q?
11
Suppose 0 = 2*x - 9 - 11. Suppose -7*g - 24 = -x*g. What are the prime factors of g?
2
Suppose 4*v + 4*b - 20 = 0, 0*v - 3*b + 17 = 4*v. Suppose -4 + 0 = 4*s, s + 9 = v*c. List the prime factors of c.
2
Let w be (-23)/5 - (-4)/(-10). Let p(t) = -7*t + 5*t + 0*t. List the prime factors of p(w).
2, 5
Suppose 35*c - 199 = 34*c. List the prime factors of c.
199
Let s(v) = v**2 - 3*v + 2. Let p be s(4). Suppose 2*g - p = 8. What are the prime factors of g?
7
List the prime factors of (-1652)/(-6) - (24/18 + -1).
5, 11
What are the prime factors of (-64)/80*(-10)/4?
2
Let n(f) be the second derivative of f**4/12 + f**3/6 + 2*f**2 + 2*f. What are the prime factors of n(-3)?
2, 5
Suppose g - 2*h - 43 = 0, 3*g + 3*h + 47 = 4*g. List the prime factors of g.
5, 7
Suppose -3*a = -4*g + 113, 2*g + 3*g + 2*a = 124. What are the prime factors of g?
2, 13
Let p = 7 - 4. Suppose -4*u + 115 = 4*z - 61, -p*z = -4*u + 148. Suppose 8*o = 3*o + u. List the prime factors of o.
2
Let f = 350 - 205. List the prime factors of f.
5, 29
Suppose -281 = -3*s - 2*j, 0 = s - 4*j + j - 79. Let z = -65 + s. List the prime factors of z.
2, 13
Suppose c - 16 = 3*c. Let r be -2 - ((-2)/(-2) + -21). Let h = c + r. What are the prime factors of h?
2, 5
Let v be 7 + -3 - -3 - 3. Suppose t - 7 = -5*q + v, 5*t + 5*q - 135 = 0. List the prime factors of t.
31
Suppose -4*w + 795 = -445. List the prime factors of w.
2, 5, 31
Suppose 5*z - 20 = z. Suppose -14 - 26 = z*k. Let a = k - -16. What are the prime factors of a?
2
Suppose 130 = 5*l - 20. Let h = 44 - l. List the prime factors of h.
2, 7
Let h(t) = -t**2 - 4*t - 3. Let o be h(-5). List the prime factors of (-6)/(o/(-6) + -2).
3
Let d(b) = b**3 - 4*b**2 + 6*b - 2. What are the prime factors of d(2)?
2
Let r(a) be the second derivative of 1/20*a**5 - 1/2*a**2 + 2*a - 1/6*a**3 - 1/6*a**4 + 0. List the prime factors of r(3).
5
List the prime factors of (8 - 2)*(-28)/(-4).
2, 3, 7
Let x = -485 + 701. What are the prime factors of x?
2, 3
Let k(w) = w + 2. What are the prime factors of k(5)?
7
Let d(t) = t**3 - 4*t**2 - t + 2. Let v be d(3). Let f = v + 33. List the prime factors of f.
23
Let l(m) = m**2 - 6*m - 24. List the prime factor